divide 2217655?
False
Does 87 divide 2589903?
True
Is 1565306 a multiple of 158?
True
Does 92 divide 502939?
False
Does 15 divide 4338705?
True
Is 35 a factor of 128860?
False
Is 226219 a multiple of 119?
True
Is 921072 a multiple of 6?
True
Does 30 divide 142566?
False
Is 184 a factor of 2156279?
False
Is 43 a factor of 5572167?
False
Is 51 a factor of 282948?
True
Is 1963 a factor of 21317920?
False
Is 13 a factor of 738104?
False
Is 387 a factor of 303021?
True
Is 15 a factor of 3106185?
True
Is 1913850 a multiple of 9?
True
Is 4 a factor of 54563?
False
Does 21 divide 1109787?
True
Is 60623 a multiple of 93?
False
Is 316 a factor of 24638434?
False
Is 6450136 a multiple of 77?
True
Is 780804 a multiple of 18?
True
Is 101 a factor of 8939443?
False
Is 344 a factor of 947279?
False
Is 748566 a multiple of 63?
True
Does 10 divide 6069105?
False
Is 10 a factor of 349528?
False
Does 192 divide 18572352?
True
Is 335223 a multiple of 119?
True
Does 21 divide 25515?
True
Does 20 divide 9348940?
True
Is 303903 a multiple of 29?
False
Does 15 divide 2517?
False
Is 156500 a multiple of 15?
False
Is 23 a factor of 98052?
False
Is 1164969 a multiple of 27?
True
Does 78 divide 313167?
False
Is 141 a factor of 195560?
False
Is 32448 a multiple of 26?
True
Is 4084493 a multiple of 13?
False
Is 168 a factor of 72240?
True
Is 21 a factor of 86827?
False
Does 647 divide 1621576?
False
Is 72 a factor of 528480?
True
Is 95 a factor of 60983?
False
Does 9 divide 1161495?
True
Does 152 divide 6102193?
False
Is 401795 a multiple of 5?
True
Is 7711 a multiple of 5?
False
Does 185 divide 113593?
False
Is 12 a factor of 84571?
False
Is 10336 a multiple of 19?
True
Does 2 divide 64561?
False
Is 59 a factor of 23364?
True
Does 4 divide 1642070?
False
Is 229405 a multiple of 11?
True
Does 98 divide 166894?
True
Does 57 divide 258267?
True
Is 1678 a factor of 18932879?
False
Is 43 a factor of 557065?
True
Is 39500 a multiple of 50?
True
Is 215 a factor of 5186015?
True
Is 235 a factor of 552127?
False
Is 2070628 a multiple of 9?
False
Does 59 divide 1180?
True
Is 6 a factor of 30526?
False
Does 255 divide 62220?
True
Does 1306 divide 31317880?
True
Is 292 a factor of 703428?
True
Does 355 divide 162091?
False
Is 49 a factor of 95002?
False
Does 35 divide 487889?
False
Is 508 a factor of 2057998?
False
Is 99 a factor of 1525887?
True
Is 129870 a multiple of 185?
True
Does 9 divide 297036?
True
Is 9520420 a multiple of 455?
True
Does 24 divide 44379?
False
Is 1328016 a multiple of 292?
True
Is 20 a factor of 201060?
True
Is 6454 a multiple of 3?
False
Is 1396621 a multiple of 167?
True
Does 37 divide 1890882?
False
Is 436 a factor of 5334955?
False
Does 80 divide 303247?
False
Does 109 divide 9594289?
True
Is 471087 a multiple of 51?
True
Does 6 divide 2622599?
False
Is 418572 a multiple of 198?
True
Is 292 a factor of 73147?
False
Does 970 divide 14456717?
False
Is 18 a factor of 8272638?
True
Is 2080440 a multiple of 360?
True
Is 413700 a multiple of 84?
True
Is 1087874 a multiple of 32?
False
Does 575 divide 3010809?
False
Is 4538 a multiple of 292?
False
Is 91033 a multiple of 18?
False
Is 203680 a multiple of 6?
False
Is 6455889 a multiple of 297?
True
Is 325470 a multiple of 138?
False
Is 75887 a multiple of 16?
False
Is 857013 a multiple of 30?
False
Is 5 a factor of 2619?
False
Is 92 a factor of 1669892?
True
Does 3 divide 5933?
False
Is 3465 a multiple of 11?
True
Does 398 divide 2370178?
False
Is 5 a factor of 1007312?
False
Does 20 divide 2983576?
False
Does 1085 divide 94395?
True
Is 5933431 a multiple of 67?
False
Is 7677648 a multiple of 264?
True
Is 38 a factor of 850858?
True
Is 143 a factor of 6325368?
False
Is 26 a factor of 220720?
False
Does 10 divide 25696670?
True
Is 186837 a multiple of 147?
True
Is 1145577 a multiple of 28?
False
Is 67 a factor of 2523870?
False
Does 661 divide 934260?
False
Does 202 divide 328221?
False
Is 1422054 a multiple of 11?
False
Does 53 divide 5808618?
False
Is 154224 a multiple of 238?
True
Does 8 divide 963000?
True
Is 22 a factor of 2136257?
False
Is 6 a factor of 98480?
False
Is 19 a factor of 56658?
True
Is 13045085 a multiple of 235?
True
Is 21911 a multiple of 78?
False
Is 34 a factor of 1426028?
True
Does 26 divide 206599?
False
Does 22 divide 5235598?
False
Is 4 a factor of 245048?
True
Does 38 divide 2699520?
True
Does 77 divide 46123?
True
Is 3758313 a multiple of 90?
False
Does 62 divide 5173714?
True
Is 77090 a multiple of 26?
True
Is 646057 a multiple of 4?
False
Does 40 divide 738623?
False
Is 1595958 a multiple of 78?
True
Is 13 a factor of 9502155?
True
Is 8 a factor of 1323250?
False
Is 244215 a multiple of 5?
True
Is 23849449 a multiple of 169?
True
Is 57 a factor of 4410100?
False
Does 61 divide 178148?
False
Is 200 a factor of 2555600?
True
Does 552 divide 1036656?
True
Is 1170400 a multiple of 7?
True
Is 80451 a multiple of 21?
True
Is 15 a factor of 113895?
True
Does 11 divide 514331?
False
Does 1028 divide 2368518?
False
Is 124989 a multiple of 47?
False
Does 386 divide 5818431?
False
Is 498 a factor of 37848?
True
Is 225 a factor of 5402700?
True
Does 35 divide 7111?
False
Is 3070728 a multiple of 242?
False
Is 6184961 a multiple of 1560?
False
Does 5 divide 126590?
True
Is 644888 a multiple of 78?
False
Is 82 a factor of 13694?
True
Is 70 a factor of 9336530?
True
Is 1463536 a multiple of 194?
True
Is 2003 a multiple of 4?
False
Does 247 divide 496717?
True
Is 407099 a multiple of 16?
False
Is 78 a factor of 2229630?
True
Is 79457 a multiple of 8?
False
Is 134 a factor of 9008966?
False
Is 2997180 a multiple of 60?
True
Is 50 a factor of 873011?
False
Does 26 divide 725670?
False
Is 77469 a multiple of 527?
True
Does 46 divide 3009483?
False
Is 987010 a multiple of 178?
True
Is 132 a factor of 717552?
True
Is 62 a factor of 19789?
False
Is 3571808 a multiple of 422?
True
Is 97209 a multiple of 9?
True
Is 4 a factor of 77985?
False
Is 1697254 a multiple of 29?
True
Is 25 a factor of 2143375?
True
Does 13 divide 1177317?
False
Is 148 a factor of 2639662?
False
Is 186162 a multiple of 64?
False
Is 14065 a multiple of 3?
False
Does 112 divide 1181936?
True
Is 4406 a multiple of 4?
False
Is 343410 a multiple of 763?
False
Does 564 divide 4558521?
False
Is 611 a factor of 3576851?
False
Is 249 a factor of 321349?
False
Is 3683060 a multiple of 287?
False
Is 198 a factor of 30830506?
False
Does 119 divide 10353?
True
Is 80 a factor of 19131?
False
Is 1069994 a multiple of 345?
False
Is 283557 a multiple of 31?
True
Is 4037950 a multiple of 13?
False
Is 9667623 a multiple of 15?
False
Is 2232144 a multiple of 16?
True
Is 25 a factor of 2692243?
False
Is 592584 a multiple of 8?
True
Is 180 a factor of 170788?
False
Is 4003300 a multiple of 35?
True
Does 99 divide 107613?
True
Does 7 divide 5372156?
False
Is 40 a factor of 175040?
True
Is 501147 a multiple of 81?
True
Is 2660532 a multiple of 131?
False
Does 268 divide 193068?
False
Does 16 divide 79760?
True
Is 3736528 a multiple of 8?
True
Does 172 divide 116788?
True
Is 5963028 a multiple of 12?
True
Does 38 divide 103353?
False
Is 311666 a multiple of 3?
False
Does 8 divide 968918?
False
Is 1978561 a multiple of 62?
False
Does 18 divide 23353?
False
Is 225 a factor of 7396425?
True
Is 571 a factor of 145034?
True
Does 1071 divide 3011401?
False
Is 855738 a multiple of 39?
True
Does 45 divide 64928?
False
Is 28 a factor of 8041712?
True
Is 9 a factor of 472432?
False
Does 92 divide 118680?
True
Does 4 divide 2052339?
False
Does 62 divide 61070?
True
Does 91 divide 156338?
True
Is 977 a factor of 2173825?
True
Does 25 divide 183000?
True
Does 1257 divide 5215293?
True
Does 107 divide 169549?
False
Does 55 divide 16115?
True
Is 2970807 a multiple of 85?
False
Is 41 a factor of 16213910?
False
Is 48 a factor of 648342?
False
Is 1110200 a multiple of 104?
True
Does 3 divide 5181509?
False
Does 14 divide 157978?
False
Does 67 divide 22665229?
True
Does 153 divide 1631280?
False
Is 18 a factor of 2297947?
False
Is 62694 a multiple of 382?
False
Is 2 a factor of 15969?
False
Does 25 divide 2015850?
True
Is 331772 a multiple of 420?
False
Is 113199 a multiple of 389?
True
Does 15 divide 664029?
False
Is 39728 a multiple of 8?
True
Is 1723312 a multiple of 